{"id":257,"date":"2013-10-23T12:08:04","date_gmt":"2013-10-23T12:08:04","guid":{"rendered":"http:\/\/www.czechtrains.cz\/?page_id=257"},"modified":"2025-09-27T09:36:25","modified_gmt":"2025-09-27T07:36:25","slug":"prodejni-mista","status":"publish","type":"page","link":"https:\/\/www.czechtrains.cz\/?page_id=257","title":{"rendered":"Prodejn\u00ed m\u00edsta"},"content":{"rendered":"\n<p>V\u00e1\u017een\u00ed z\u00e1kazn\u00edci, zde uv\u00e1d\u00edm podrobnosti k mo\u017enostem, kde lze moje kalend\u00e1\u0159e aktu\u00e1ln\u011b zakoupit. <\/p>\n\n\n\n<h2 class=\"wp-block-heading has-text-color\" style=\"color:#fbfb00\">\u010cD centra + \u010cD Fanshop <\/h2>\n\n\n\n<p>\u0160irok\u00e1 s\u00ed\u0165 prodejn\u00edch m\u00edst, kter\u00e1 v\u00e1m jsou bl\u00ed\u017e! Sortiment na jednom m\u00edst\u011b. <\/p>\n\n\n\n<p class=\"has-text-color\" style=\"color:#fefe00\">Upozorn\u011bn\u00ed!!! <\/p>\n\n\n\n<p>V\u00fdstavn\u00ed prostor mnoh\u00fdch \u010cD center je velmi omezen. Pokud neuvid\u00edte svoje obl\u00edben\u00e9 kalend\u00e1\u0159e vystaven\u00e9, nebojte se optat v\u017edy vst\u0159\u00edcn\u00e9 obsluhy. <\/p>\n\n\n\n<p>Berte pros\u00edm informace o prodejn\u00edch \u010cD centrech pouze orienta\u010dn\u011b. Ka\u017ed\u00fd rok se tyto mo\u017enosti m\u011bn\u00ed! Nebojte se zeptat ve va\u0161em \u010cD centru, pop\u0159\u00edpad\u011b se zde pokuste s obsluhou domluvit na objedn\u00e1n\u00ed po\u017eadovan\u00e9ho zbo\u017e\u00ed. Z\u00e1kladem je v\u017edy vz\u00e1jemn\u011b respektuj\u00edc\u00ed lidsk\u00fd p\u0159\u00edstup.<\/p>\n\n\n\n<figure class=\"wp-block-table\"><table><tbody><tr><td>M\u00edsto<\/td><td>N\u00e1s. Parn\u00ed<\/td><td>N\u00e1s. Modern\u00ed<\/td><td>N\u00e1s. B&amp;B<\/td><td>N\u00e1s. Motorov\u00fd<\/td><td>N\u00e1s. \u010cS modern\u00ed historick\u00fd<\/td><td>N\u00e1s. Elektrick\u00fd<\/td><td>Stoln\u00ed kalend\u00e1\u0159<\/td><td>Di\u00e1\u0159<\/td><\/tr><tr><td>FANSHOP_\u010cD<\/td><td>x<\/td><td>x<\/td><td>x<\/td><td>x<\/td><td>x<\/td><td>x<\/td><td>x<\/td><td>x<\/td><\/tr><tr><td>Brno hl.n.<\/td><td>x<\/td><td>x<\/td><td>x<\/td><td><\/td><td><\/td><td><\/td><td>x<\/td><td>x<\/td><\/tr><tr><td>B\u0159eclav<\/td><td>x<\/td><td>x<\/td><td>x<\/td><td><\/td><td><\/td><td><\/td><td>x<\/td><td>x<\/td><\/tr><tr><td>\u010cesk\u00e9 Bud\u011bjovice<\/td><td>x<\/td><td>x<\/td><td>x<\/td><td><\/td><td><\/td><td><\/td><td>x<\/td><td>x<\/td><\/tr><tr><td>\u010cesk\u00fd T\u011b\u0161\u00edn<\/td><td>x<\/td><td>x<\/td><td>x<\/td><td><\/td><td><\/td><td><\/td><td>x<\/td><td>x<\/td><\/tr><tr><td>D\u011b\u010d\u00edn hl.n.<\/td><td>x<\/td><td>x<\/td><td>x<\/td><td><\/td><td><\/td><td><\/td><td>x<\/td><td>x<\/td><\/tr><tr><td>Fr\u00fddek-M\u00edstek<\/td><td>x<\/td><td>x<\/td><td>x<\/td><td><\/td><td><\/td><td><\/td><td>x<\/td><td>x<\/td><\/tr><tr><td>Havl\u00ed\u010dk\u016fv Brod<\/td><td><\/td><td><\/td><td><\/td><td><\/td><td><\/td><td><\/td><td><\/td><td><\/td><\/tr><tr><td>Hradec Kr\u00e1lov\u00e9 hl.n.<\/td><td>x<\/td><td>x<\/td><td>x<\/td><td><\/td><td><\/td><td><\/td><td>x<\/td><td>x<\/td><\/tr><tr><td>Cheb<\/td><td>x<\/td><td>x<\/td><td>x<\/td><td><\/td><td><\/td><td><\/td><td>x<\/td><td>x<\/td><\/tr><tr><td>Choce\u0148<\/td><td>x<\/td><td>x<\/td><td>x<\/td><td><\/td><td><\/td><td><\/td><td>x<\/td><td><\/td><\/tr><tr><td>Jihlava<\/td><td>x<\/td><td>x<\/td><td>x<\/td><td><\/td><td><\/td><td><\/td><td>x<\/td><td>x<\/td><\/tr><tr><td>Kladno<\/td><td>x<\/td><td>x<\/td><td>x<\/td><td><\/td><td><\/td><td><\/td><td>x<\/td><td>x<\/td><\/tr><tr><td>Kol\u00edn<\/td><td>x<\/td><td>x<\/td><td>x<\/td><td><\/td><td><\/td><td><\/td><td>x<\/td><td>x<\/td><\/tr><tr><td>Kralupy n. Vltavou<\/td><td>x<\/td><td>x<\/td><td>x<\/td><td><\/td><td><\/td><td><\/td><td>x<\/td><td>x<\/td><\/tr><tr><td>Liberec<\/td><td>x<\/td><td>x<\/td><td>x<\/td><td><\/td><td><\/td><td><\/td><td>x<\/td><td>x<\/td><\/tr><tr><td>Lys\u00e1 n.Labem<\/td><td>x<\/td><td>x<\/td><td>x<\/td><td><\/td><td><\/td><td><\/td><td>x<\/td><td>x<\/td><\/tr><tr><td>Most<\/td><td>x<\/td><td>x<\/td><td>x<\/td><td><\/td><td><\/td><td><\/td><td>x<\/td><td>x<\/td><\/tr><tr><td>Olomouc hl.n.<\/td><td>x<\/td><td>x<\/td><td>x<\/td><td><\/td><td><\/td><td><\/td><td>x<\/td><td>x<\/td><\/tr><tr><td>Opava v\u00fdchod<\/td><td>x<\/td><td>x<\/td><td>x<\/td><td><\/td><td><\/td><td><\/td><td>x<\/td><td>x<\/td><\/tr><tr><td>Ostrava hl.n.<\/td><td>x<\/td><td>x<\/td><td>x<\/td><td><\/td><td><\/td><td><\/td><td>x<\/td><td>x<\/td><\/tr><tr><td>Ostrava-Svinov<\/td><td>x<\/td><td>x<\/td><td>x<\/td><td><\/td><td><\/td><td><\/td><td>x<\/td><td>x<\/td><\/tr><tr><td>Otrokovice<\/td><td>x<\/td><td>x<\/td><td>x<\/td><td><\/td><td><\/td><td><\/td><td>x<\/td><td>x<\/td><\/tr><tr><td>Pardubice hl.n.<\/td><td>x<\/td><td>x<\/td><td>x<\/td><td><\/td><td><\/td><td><\/td><td>x<\/td><td>x<\/td><\/tr><tr><td>Plze\u0148 hl.n.<\/td><td>x<\/td><td>x<\/td><td>x<\/td><td><\/td><td><\/td><td><\/td><td>x<\/td><td>x<\/td><\/tr><tr><td>Praha Masaryk.n.<\/td><td>x<\/td><td>x<\/td><td>x<\/td><td><\/td><td><\/td><td><\/td><td>x<\/td><td>x<\/td><\/tr><tr><td>Praha-Libe\u0148<\/td><td>x<\/td><td>x<\/td><td>x<\/td><td><\/td><td><\/td><td><\/td><td>x<\/td><td>x<\/td><\/tr><tr><td>Praha&nbsp; Sm\u00edchov<\/td><td>x<\/td><td>x<\/td><td>x<\/td><td><\/td><td><\/td><td><\/td><td>x<\/td><td>x<\/td><\/tr><tr><td>Prost\u011bjov hl.n.<\/td><td>x<\/td><td>x<\/td><td>x<\/td><td><\/td><td><\/td><td><\/td><td>x<\/td><td>x<\/td><\/tr><tr><td>P\u0159erov<\/td><td>x<\/td><td>x<\/td><td>x<\/td><td><\/td><td><\/td><td><\/td><td>x<\/td><td>x<\/td><\/tr><tr><td>P\u0159\u00edbram<\/td><td>x<\/td><td>x<\/td><td>x<\/td><td><\/td><td><\/td><td><\/td><td>x<\/td><td>x<\/td><\/tr><tr><td>\u0160umperk<\/td><td>x<\/td><td>x<\/td><td>x<\/td><td><\/td><td><\/td><td><\/td><td>x<\/td><td>x<\/td><\/tr><tr><td>T\u00e1bor<\/td><td>x<\/td><td>x<\/td><td>x<\/td><td><\/td><td><\/td><td><\/td><td>x<\/td><td>x<\/td><\/tr><tr><td>\u00dast\u00ed n.L.hl.n.<\/td><td>x<\/td><td>x<\/td><td>x<\/td><td><\/td><td><\/td><td><\/td><td>x<\/td><td>x<\/td><\/tr><tr><td>Vala\u0161sk\u00e9 Mezi\u0159\u00ed\u010d\u00ed<\/td><td>x<\/td><td>x<\/td><td>x<\/td><td><\/td><td><\/td><td><\/td><td>x<\/td><td>x<\/td><\/tr><tr><td>Karlovy Vary dol. n.<\/td><td>x<\/td><td>x<\/td><td>x<\/td><td><\/td><td><\/td><td><\/td><td>x<\/td><td>x<\/td><\/tr><tr><td>Krom\u011b\u0159\u00ed\u017e<\/td><td>x<\/td><td>x<\/td><td>x<\/td><td><\/td><td><\/td><td><\/td><td>x<\/td><td><\/td><\/tr><tr><td>Z\u00e1b\u0159eh na Morav\u011b<\/td><td>x<\/td><td>x<\/td><td>x<\/td><td><\/td><td><\/td><td><\/td><td>x<\/td><td>x<\/td><\/tr><tr><td>\u017d\u010f\u00e1r n.S\u00e1zavou<\/td><td>x<\/td><td>x<\/td><td>x<\/td><td><\/td><td><\/td><td><\/td><td>x<\/td><td><\/td><\/tr><\/tbody><\/table><\/figure>\n\n\n\n<p class=\"has-white-color has-text-color has-link-color wp-elements-1430da7566a54588758a601569913255\">Kalend\u00e1\u0159e m\u016f\u017eete tak\u00e9 zakoupit u t\u011bchto sp\u0159\u00edzn\u011bn\u00fdch prodejc\u016f:<\/p>\n\n\n\n<figure class=\"wp-block-table\"><table><tbody><tr><td>M\u011bsto<\/td><td>OBCHOD<\/td><td>N\u00e1st\u011bnn\u00fd parn\u00ed<\/td><td>N\u00e1st\u011bnn\u00fd modern\u00ed<\/td><td>N\u00e1st\u011bnn\u00fd FS\u010cR<\/td><td>N\u00e1st\u011bnn\u00fd B&amp;B<\/td><td>N\u00e1st\u011bnn\u00fd elektrick\u00fd<\/td><td>N\u00e1st\u011bnn\u00fd motorov\u00fd<\/td><td>N\u00e1s. \u010cS modern\u00ed historick\u00fd<\/td><td>Stoln\u00ed kalend\u00e1\u0159<\/td><td>Di\u00e1\u0159<\/td><\/tr><tr><td>Boskovice<\/td><td><strong>TT model\u00e1\u0159<\/strong><\/td><td>X<\/td><td>X<\/td><td><\/td><td>X<\/td><td>X<\/td><td>X<\/td><td>X<\/td><td>X<\/td><td>X<\/td><\/tr><tr><td>Brno<\/td><td><strong>RK model (Kounicova)<\/strong><\/td><td>X<\/td><td>X<\/td><td><\/td><td>X<\/td><td>X<\/td><td>X<\/td><td>x<\/td><td>X<\/td><td><\/td><\/tr><tr><td><\/td><td><strong>Modelov\u00fd sv\u011bt (Josefsk\u00e1)<\/strong><\/td><td>X<\/td><td>X<\/td><td><\/td><td><\/td><td><\/td><td><\/td><td><\/td><td>X<\/td><td><\/td><\/tr><tr><td><\/td><td><strong>Barvi\u010d &amp; Novotn\u00fd (\u010cesk\u00e1)<\/strong><\/td><td>X<\/td><td>X<\/td><td><\/td><td>X<\/td><td>X<\/td><td>X<\/td><td>X<\/td><td>X<\/td><td>X<\/td><\/tr><tr><td>Ostrava<\/td><td><strong>Hobby shop (Ostrava hl.n.)<\/strong><\/td><td>X<\/td><td>X<\/td><td><\/td><td>X<\/td><td>X<\/td><td>X<\/td><td>X<\/td><td>X<\/td><td>X<\/td><\/tr><tr><td>Praha<\/td><td><strong>Pragomodel (Klimensk\u00e1)<\/strong><\/td><td>X<\/td><td>X<\/td><td>X<\/td><td>X<\/td><td>X<\/td><td>X<\/td><td><\/td><td>X<\/td><td>X<\/td><\/tr><tr><td><\/td><td><strong>U kr\u00e1le \u017eeleznic (M\u00e1nesova)<\/strong><\/td><td>X<\/td><td>X<\/td><td><\/td><td>X<\/td><td>X<\/td><td>X<\/td><td>X<\/td><td>X<\/td><td><\/td><\/tr><tr><td><\/td><td>ELEKTRICK\u00c9 VL\u00c1\u010cKY (\u010cerpadlov\u00e1 1034\/2a)<\/td><td>X<\/td><td><\/td><td><\/td><td>X<\/td><td>X<\/td><td><\/td><td><\/td><td>X<\/td><td><\/td><\/tr><tr><td>Bratislava<\/td><td><strong>JR line<\/strong><\/td><td>X<\/td><td>X<\/td><td><\/td><td>X<\/td><td>X<\/td><td>X<\/td><td>X<\/td><td>X<\/td><td><\/td><\/tr><tr><td>ON-line<\/td><td>Kalend\u00e1\u0159eONE<\/td><td>X<\/td><td>X<\/td><td><\/td><td>X<\/td><td>X<\/td><td>X<\/td><td>X<\/td><td>X<\/td><td><\/td><\/tr><\/tbody><\/table><\/figure>\n\n\n\n<p><\/p>\n","protected":false},"excerpt":{"rendered":"<p>V\u00e1\u017een\u00ed z\u00e1kazn\u00edci, zde uv\u00e1d\u00edm podrobnosti k mo\u017enostem, kde lze moje kalend\u00e1\u0159e aktu\u00e1ln\u011b zakoupit. \u010cD centra + \u010cD Fanshop \u0160irok\u00e1 s\u00ed\u0165 &hellip; <a href=\"https:\/\/www.czechtrains.cz\/?page_id=257\" class=\"more-link\"><span class=\"more-button\">Continue Reading<span class=\"screen-reader-text\">Prodejn\u00ed m\u00edsta<\/span><\/span><\/a><\/p>\n","protected":false},"author":2,"featured_media":0,"parent":0,"menu_order":5,"comment_status":"closed","ping_status":"closed","template":"","meta":{"footnotes":""},"class_list":["post-257","page","type-page","status-publish","hentry"],"_links":{"self":[{"href":"https:\/\/www.czechtrains.cz\/index.php?rest_route=\/wp\/v2\/pages\/257","targetHints":{"allow":["GET"]}}],"collection":[{"href":"https:\/\/www.czechtrains.cz\/index.php?rest_route=\/wp\/v2\/pages"}],"about":[{"href":"https:\/\/www.czechtrains.cz\/index.php?rest_route=\/wp\/v2\/types\/page"}],"author":[{"embeddable":true,"href":"https:\/\/www.czechtrains.cz\/index.php?rest_route=\/wp\/v2\/users\/2"}],"replies":[{"embeddable":true,"href":"https:\/\/www.czechtrains.cz\/index.php?rest_route=%2Fwp%2Fv2%2Fcomments&post=257"}],"version-history":[{"count":25,"href":"https:\/\/www.czechtrains.cz\/index.php?rest_route=\/wp\/v2\/pages\/257\/revisions"}],"predecessor-version":[{"id":11802,"href":"https:\/\/www.czechtrains.cz\/index.php?rest_route=\/wp\/v2\/pages\/257\/revisions\/11802"}],"wp:attachment":[{"href":"https:\/\/www.czechtrains.cz\/index.php?rest_route=%2Fwp%2Fv2%2Fmedia&parent=257"}],"curies":[{"name":"wp","href":"https:\/\/api.w.org\/{rel}","templated":true}]}}