{"id":911,"date":"2017-04-11T11:28:18","date_gmt":"2017-04-11T09:28:18","guid":{"rendered":"http:\/\/www.czechtrains.cz\/?page_id=911"},"modified":"2025-09-27T12:31:44","modified_gmt":"2025-09-27T10:31:44","slug":"kapesni-diar","status":"publish","type":"page","link":"https:\/\/www.czechtrains.cz\/?page_id=911","title":{"rendered":"Kapesn\u00ed di\u00e1\u0159e"},"content":{"rendered":"<h3 align=\"CENTER\"><strong><span style=\"color: #ffff00;\">Di\u00e1\u0159 t\u00fddenn\u00ed 2026<\/span><\/strong><b><\/b><\/h3>\n<p style=\"text-align: center;\"><span style=\"color: #ff0000;\"><span style=\"font-size: large;\">\u00a0<\/span><\/span><span style=\"color: #ffffff;\">V\u00ddBORN\u00c1 CENA A PRAKTICK\u00dd DESIGN<\/span><\/p>\n<p style=\"text-align: center;\"><span style=\"color: #00ff00;\">SKLADEM<\/span><\/p>\n<p style=\"text-align: center;\">Velikost 148&#215;105 mm<\/p>\n<p style=\"text-align: center;\">Photo \u00a9 Jan \u0160tofa\u0148ak \u00a9 Franti\u0161ek Stojaspal \u00a9 Petr Holub<\/p>\n<p style=\"text-align: left;\" align=\"CENTER\">\u00a0\u00a0 Koncept tohoto di\u00e1\u0159e ponech\u00e1v\u00e1 velik\u00fd prostor pro v\u0161echny pozn\u00e1mky \u010di jin\u00e9 grafick\u00e9 informace. Zachov\u00e1n\u00edm velikosti 148&#215;105 mm m\u016f\u017ee v\u00e1\u0161 di\u00e1\u0159 putovat v kapse v\u0161ude s V\u00e1mi. Jedine\u010dnost tohoto di\u00e1\u0159e spo\u010d\u00edv\u00e1 v promy\u0161len\u00e9m grafick\u00e9m zpracov\u00e1n\u00ed, kter\u00e9 nab\u00edz\u00ed t\u0159i pozn\u00e1mkov\u00e9 roviny. Pro rychl\u00fd p\u0159ehled je na za\u010d\u00e1tku di\u00e1\u0159e prostor v\u011bnov\u00e1n ro\u010dn\u00edmu a m\u011bs\u00ed\u010dn\u00edmu p\u0159ehledov\u00e9mu kalend\u00e1riu, jen\u017e lze vyu\u017e\u00edt pro vyzna\u010den\u00ed d\u016fle\u017eit\u00fdch dn\u016f \u010di stru\u010dn\u011bj\u0161\u00edch pozn\u00e1mek. Podrobnosti pak lze poznamenat do prostorn\u00e9ho t\u00fddenn\u00edho kalend\u00e1ria. 68 list\u016f s pe\u010dlivou grafikou je nadstandardn\u011b obohaceno o n\u00e1dhern\u00e9 sn\u00edmky parn\u00ed a historick\u00e9 kolejov\u00e9 techniky. Form\u00e1t di\u00e1\u0159e z\u016fstal na v\u00fd\u0161ku, co\u017e usnad\u0148uje jeho pou\u017eit\u00ed. Velk\u00fdm pomocn\u00edkem je tak\u00e9 uvnit\u0159 vlepen\u00e1 z\u00e1lo\u017eka. Kalend\u00e1rium je zpracov\u00e1no v\u00edcejazy\u010dn\u011b (CZ, SK, DE, EN). Jmenn\u00fd seznam je nov\u011b pouze v \u010de\u0161tin\u011b. Di\u00e1\u0159 obsahuje celoplo\u0161n\u00e9 \u010dist\u011b pozn\u00e1mkov\u00e9 str\u00e1nky. To v\u0161e je podtr\u017eeno optim\u00e1ln\u011b lad\u011bnou cenou, kter\u00e1 v pom\u011bru s v\u00fdkonem zanech\u00e1v\u00e1 konkurenci na chvostu.<\/p>\n<p>Souhrn:<\/p>\n<ol>\n<li style=\"list-style-type: none;\">\n<ol>\n<li style=\"list-style-type: none;\">\n<ol>\n<li style=\"list-style-type: none;\">\n<ol>\n<li style=\"list-style-type: none;\">\n<ol>\n<li style=\"list-style-type: none;\">\n<ol>\n<li style=\"list-style-type: none;\">\n<ol>\n<li><span style=\"color: #999999;\"><b>68 list\u016f s form\u00e1tem 148&#215;105 mm na v\u00fd\u0161ku, se z\u00e1lo\u017ekou<\/b><\/span><\/li>\n<li><span style=\"color: #999999;\"><b>v\u00edcejazy\u010dn\u00e9 ozna\u010den\u00ed dn\u016f i m\u011bs\u00edc\u016f CZ\/SK\/EN\/D<\/b><\/span><\/li>\n<li><span style=\"color: #999999;\"><b>z\u00e1kladn\u00ed jmenn\u00fd seznam CZ<\/b><\/span><\/li>\n<li><span style=\"color: #999999;\"><b>sv\u00e1tky CZ, info o znamen\u00ed zv\u011brokruhu CZ s jejich vstupy<\/b><\/span><\/li>\n<li><span style=\"color: #999999;\"><b>ro\u010dn\u00ed, m\u011bs\u00ed\u010dn\u00ed a t\u00fddenn\u00ed kalend\u00e1rium pro v\u0161echny podrobn\u00e9 pozn\u00e1mky<\/b><\/span><\/li>\n<li><span style=\"color: #999999;\"><b>\u00faprava tituln\u00ed dvojstr\u00e1nky lamino\/lesk pro zv\u00fd\u0161en\u00ed \u017eivotnosti<\/b><\/span><\/li>\n<li><span style=\"color: #999999;\"><b>\u010d\u00edslo dne od za\u010d\u00e1tku\/do konce, v\u00fdchod\/z\u00e1pad slunce\/m\u011bs\u00edce, f\u00e1ze m\u011bs\u00edce<\/b><\/span><\/li>\n<li><span style=\"color: #999999;\"><b>nadstandardn\u00ed po\u010det celostr\u00e1nkov\u00fdch fotografi\u00ed a jednoduch\u00e1 grafika<\/b><\/span><\/li>\n<li><span style=\"color: #999999;\"><b>bezkonkuren\u010dn\u00ed optim\u00e1ln\u011b slad\u011bn\u00e1 cena (pom\u011br cena\/v\u00fdkon)<\/b><\/span><\/li>\n<li>mo\u017enost firemn\u00edho polepu na vnit\u0159n\u00ed stranu titulky<\/li>\n<\/ol>\n<\/li>\n<\/ol>\n<\/li>\n<\/ol>\n<\/li>\n<\/ol>\n<\/li>\n<\/ol>\n<\/li>\n<\/ol>\n<\/li>\n<\/ol>\n<table style=\"border-collapse: collapse; width: 1074px; height: 608px;\">\n<tbody>\n<tr style=\"height: 29px;\">\n<td style=\"width: 100%; height: 29px;\"><\/td>\n<\/tr>\n<tr style=\"height: 29px;\">\n<td style=\"width: 100%; height: 29px; text-align: center;\"><img loading=\"lazy\" decoding=\"async\" class=\"aligncenter size-thumbnail wp-image-11653\" src=\"http:\/\/www.czechtrains.cz\/wp-content\/uploads\/2025\/06\/DIAR_2026_ukazka-1-420x285.jpg\" alt=\"\" width=\"420\" height=\"285\" srcset=\"https:\/\/www.czechtrains.cz\/wp-content\/uploads\/2025\/06\/DIAR_2026_ukazka-1-420x285.jpg 420w, https:\/\/www.czechtrains.cz\/wp-content\/uploads\/2025\/06\/DIAR_2026_ukazka-1-744x505.jpg 744w, https:\/\/www.czechtrains.cz\/wp-content\/uploads\/2025\/06\/DIAR_2026_ukazka-1-768x522.jpg 768w, https:\/\/www.czechtrains.cz\/wp-content\/uploads\/2025\/06\/DIAR_2026_ukazka-1-972x660.jpg 972w, https:\/\/www.czechtrains.cz\/wp-content\/uploads\/2025\/06\/DIAR_2026_ukazka-1-600x407.jpg 600w, https:\/\/www.czechtrains.cz\/wp-content\/uploads\/2025\/06\/DIAR_2026_ukazka-1.jpg 1181w\" sizes=\"auto, (max-width: 420px) 100vw, 420px\" \/><\/td>\n<\/tr>\n<tr style=\"height: 29px;\">\n<td style=\"width: 100%; height: 29px;\"><\/td>\n<\/tr>\n<tr style=\"height: 29px;\">\n<td style=\"width: 100%; height: 29px;\"><\/td>\n<\/tr>\n<tr style=\"height: 29px;\">\n<td style=\"width: 100%; height: 29px;\"><\/td>\n<\/tr>\n<tr style=\"height: 29px;\">\n<td style=\"width: 100%; height: 29px;\"><\/td>\n<\/tr>\n<\/tbody>\n<\/table>\n<p style=\"margin-bottom: 0cm; line-height: 0.35cm;\" align=\"CENTER\"><span style=\"color: #ffffff;\"><b>Z\u00c1KLADN\u00cd CENA DI\u00c1\u0158E T\u00ddDENN\u00cdHO &#8230; 99 K\u010d\/ks.<\/b><\/span><\/p>\n<p style=\"margin-bottom: 0cm; font-weight: normal; line-height: 150%; text-decoration: none;\" align=\"LEFT\">V cen\u011b nejsou zahrnuty po\u0161tovn\u00ed v\u00fddaje.<\/p>\n<p style=\"margin-bottom: 0cm; line-height: 150%;\" align=\"LEFT\"><span style=\"text-decoration: none;\"><span style=\"font-weight: normal;\">Pro odb\u011bry v\u011bt\u0161\u00edho mno\u017estv\u00ed plat\u00ed:<\/span><\/span><\/p>\n<table style=\"width: 100%;\" border=\"1\" width=\"681\" cellspacing=\"0\" cellpadding=\"4\">\n<tbody>\n<tr valign=\"TOP\">\n<td style=\"width: 16.4871%; text-align: center;\" width=\"104\">Mno\u017estv\u00ed<\/td>\n<td style=\"width: 16.7026%; text-align: center;\" width=\"105\">\n<p align=\"CENTER\"><span style=\"font-family: Times New Roman,serif;\"><b>&lt;=<\/b><\/span><b>5<\/b><\/p>\n<\/td>\n<td style=\"width: 16.7026%; text-align: center;\" width=\"105\">\n<p align=\"CENTER\"><b>6&#8230;15<\/b><\/p>\n<\/td>\n<td style=\"width: 16.7026%; text-align: center;\" width=\"105\">\n<p align=\"CENTER\"><b>16&#8230;25<\/b><\/p>\n<\/td>\n<td style=\"width: 16.7026%; text-align: center;\" width=\"105\">\n<p align=\"CENTER\"><b>26&#8230;50<\/b><\/p>\n<\/td>\n<td style=\"width: 16.7026%; text-align: center;\" width=\"105\">\n<p align=\"CENTER\"><span style=\"font-family: Times New Roman,serif;\"><b><span style=\"font-family: Times New Roman,serif;\"><b>&gt;<\/b><\/span>\u00a0<\/b><\/span><b>50 <\/b><\/p>\n<\/td>\n<\/tr>\n<tr valign=\"TOP\">\n<td style=\"width: 16.4871%; text-align: center;\" width=\"104\">Cena v K\u010d<\/td>\n<td style=\"width: 16.7026%; text-align: center;\" width=\"105\"><span style=\"color: #ffffff;\">\u2026 <b>96,-<\/b><\/span><b>\u00a0 \u00a0 (3%)<\/b><\/td>\n<td style=\"width: 16.7026%; text-align: center;\" width=\"105\"><span style=\"color: #ffffff;\">\u2026 <b>93,-\u00a0 \u00a0 <\/b><\/span><b>(6%)<\/b><\/td>\n<td style=\"width: 16.7026%; text-align: center;\" width=\"105\"><span style=\"color: #ffffff;\"><b>&#8230; 89,-\u00a0 \u00a0<\/b><\/span><b>(10%)<\/b><\/td>\n<td style=\"width: 16.7026%; text-align: center;\" width=\"105\"><span style=\"color: #ffffff;\"><b>&#8230; 85,-\u00a0 \u00a0<\/b><\/span><b>(14%)<\/b><\/td>\n<td style=\"width: 16.7026%; text-align: center;\" width=\"105\"><span style=\"color: #ffffff;\">\u2026 <b>78,-\u00a0 <\/b><\/span><b>(22%)<\/b><\/td>\n<\/tr>\n<\/tbody>\n<\/table>\n<p><span style=\"color: #ffffff;\"><strong>Kde jej koup\u00edte? V sou\u010dasn\u00e9 dob\u011b se V\u00e1m nab\u00edz\u00ed n\u011bkolik mo\u017enost\u00ed (viz take &#8222;Prodejn\u00ed m\u00edsta&#8220; na hlavn\u00ed li\u0161t\u011b):<\/strong><\/span><\/p>\n<p>&#8211; Pro Va\u0161e maxim\u00e1ln\u00ed pohodl\u00ed a snadnou dostupnost jsou kalend\u00e1\u0159e prod\u00e1v\u00e1ny v r\u00e1mci rozs\u00e1hl\u00e9 s\u00edt\u011b \u010cD center.<\/p>\n<p>&#8211; Klasick\u00fdm zp\u016fsobem na pultech prodejen s \u017eelezni\u010dn\u00ed model\u00e1\u0159skou technikou, ve vybran\u00fdch knihkupectv\u00edch a na vybran\u00fdch o-line platform\u00e1ch (Fanshop \u010cD).<\/p>\n<p>&#8211; Elektronicky na m\u00fdch webov\u00fdch str\u00e1nk\u00e1ch v sekci \u201eE-Shop\u201c. Zde si tak\u00e9 m\u016f\u017ee ka\u017ed\u00fd z\u00e1jemce prostudovat provozn\u00ed a n\u00e1kupn\u00ed \u0159\u00e1d. Je to opravdu snadn\u00e9. V p\u0159\u00edpad\u011b nefunk\u010dnosti E-shopu mne pros\u00edm kontaktujte p\u0159es e-mailovou schr\u00e1nku ulrichz@seznam.cz.<\/p>\n<h3 align=\"CENTER\"><span style=\"text-decoration: underline; color: #ff6600;\">V\u00e1\u017een\u00ed z\u00e1kazn\u00edci, pro leto\u0161n\u00ed rok nebyl m\u011bs\u00ed\u010dn\u00ed di\u00e1\u0159 vyroben.<\/span><\/h3>\n<h3 style=\"text-align: center;\" align=\"CENTER\"><span style=\"text-decoration: underline;\"><span style=\"color: #999999; text-decoration: underline;\">KAPESN\u00cd\u00a0\u00a0 <\/span><span style=\"color: #ffffff; text-decoration: underline;\">Di\u00e1\u0159 m\u011bs\u00ed\u010dn\u00ed 2026<span style=\"color: #999999; text-decoration: underline;\">\u00a0 <\/span><\/span><\/span><span style=\"color: #ff0000;\"><span style=\"text-decoration: underline; color: #999999;\">KAPESN\u00cd<\/span><b> <\/b><\/span><\/h3>\n<p style=\"text-align: center;\" align=\"CENTER\"><span style=\"color: #ffffff;\">V\u00ddBORN\u00c1 CENA A PRAKTICK\u00dd DESIGN<\/span><\/p>\n<p style=\"text-align: center;\" align=\"CENTER\"><span style=\"color: #ffffff;\">Nedostupn\u00fd<\/span><\/p>\n<p align=\"CENTER\">Velikost 148&#215;105 mm<\/p>\n<p align=\"JUSTIFY\">\u00a0\u00a0 Rok 2020 nab\u00eddne i absolutn\u00ed novinku v podob\u011b m\u011bs\u00ed\u010dn\u00edho di\u00e1\u0159e, kter\u00fdm jsou vysly\u0161eny mnoh\u00e9 p\u0159\u00e1n\u00ed m\u00fdch z\u00e1kazn\u00edk\u016f, kter\u00fdm tento produkt v nab\u00eddce chyb\u011bl. T\u011b\u0161it se m\u016f\u017eete na skv\u011blou cenu, logicky \u0159esen\u00e9 grafick\u00e9 zpracov\u00e1n\u00ed, megalomansky pojat\u00fd prostor k va\u0161im pozn\u00e1mk\u00e1m i celostr\u00e1nkov\u00e9 sn\u00edmky \u017eelezni\u010dn\u00edch vozidel od m\u00fdch dlouholet\u00fdch spolupracuj\u00edc\u00edch fotograf\u016f. V\u011b\u0159\u00edm, \u017ee spojen\u00edm v\u0161ech t\u011bchto atribut\u016f vznikl dal\u0161\u00ed produkt, kter\u00fd si svou obl\u00edbenost u V\u00e1s dobide velice snadno.<\/p>\n<p style=\"margin-bottom: 0cm; line-height: 0.35cm;\" align=\"CENTER\"><span style=\"text-decoration: underline; color: #ffffff;\"><b>Z\u00c1KLADN\u00cd CENA DI\u00c1\u0158E M\u011aS\u00cd\u010cN\u00cdHO &#8230; 39 K\u010d\/ks.<\/b><\/span><\/p>\n<p style=\"margin-bottom: 0cm; font-weight: normal; line-height: 150%; text-decoration: none;\" align=\"LEFT\">V cen\u011b nejsou zahrnuty po\u0161tovn\u00ed v\u00fddaje.<\/p>\n<p style=\"margin-bottom: 0cm; line-height: 150%;\" align=\"LEFT\"><span style=\"text-decoration: none;\"><span style=\"font-weight: normal;\">Pro odb\u011bry v\u011bt\u0161\u00edho mno\u017estv\u00ed plat\u00ed:<\/span><\/span><\/p>\n<table style=\"width: 100%;\" border=\"1\" width=\"681\" cellspacing=\"0\" cellpadding=\"4\">\n<colgroup>\n<col width=\"104\" \/>\n<col width=\"105\" \/>\n<col width=\"105\" \/>\n<col width=\"105\" \/>\n<col width=\"105\" \/>\n<col width=\"105\" \/> <\/colgroup>\n<tbody>\n<tr valign=\"TOP\">\n<td style=\"text-align: center; width: 16.4871%;\" width=\"104\">Mno\u017estv\u00ed<\/td>\n<td style=\"text-align: center; width: 16.7026%;\" width=\"105\">\n<p align=\"CENTER\"><b>1&lt;&#8230;\u2265<\/b><b>5<\/b><\/p>\n<\/td>\n<td style=\"text-align: center; width: 16.7026%;\" width=\"105\">\n<p align=\"CENTER\"><b>6&#8230;15<\/b><\/p>\n<\/td>\n<td style=\"text-align: center; width: 16.7026%;\" width=\"105\">\n<p align=\"CENTER\"><b>16&#8230;25<\/b><\/p>\n<\/td>\n<td style=\"text-align: center; width: 16.7026%;\" width=\"105\">\n<p align=\"CENTER\"><b>26&#8230;50<\/b><\/p>\n<\/td>\n<td style=\"text-align: center; width: 16.7026%;\" width=\"105\">\n<p align=\"CENTER\"><b>&gt;\u00a0<\/b><b>50 <\/b><\/p>\n<\/td>\n<\/tr>\n<tr valign=\"TOP\">\n<td style=\"text-align: center; width: 16.4871%;\" width=\"104\">Cena v K\u010d<\/td>\n<td style=\"text-align: center; width: 16.7026%;\" width=\"105\">\n<p align=\"CENTER\"><span style=\"color: #ffffff;\">\u2026 <b>37,- (4%)<\/b><\/span><\/p>\n<\/td>\n<td style=\"text-align: center; width: 16.7026%;\" width=\"105\">\n<p align=\"CENTER\"><span style=\"color: #ffffff;\">\u2026 <b>36,- (6%)<\/b><\/span><\/p>\n<\/td>\n<td style=\"text-align: center; width: 16.7026%;\" width=\"105\">\n<p align=\"CENTER\"><span style=\"color: #ffffff;\"><b>&#8230; 35,- (10%)<\/b><\/span><\/p>\n<\/td>\n<td style=\"text-align: center; width: 16.7026%;\" width=\"105\">\n<p align=\"CENTER\"><span style=\"color: #ffffff;\"><b>&#8230; 33,- (14%)<\/b><\/span><\/p>\n<\/td>\n<td style=\"text-align: center; width: 16.7026%;\" width=\"105\">\n<p align=\"CENTER\"><span style=\"color: #ffffff;\">\u2026 <b>30,- (22%)<\/b><\/span><\/p>\n<\/td>\n<\/tr>\n<\/tbody>\n<\/table>\n<p><span style=\"text-decoration: underline;\"><strong><span style=\"color: #ffffff; text-decoration: underline;\">Kde uveden\u00e9 di\u00e1\u0159e koup\u00edte? V sou\u010dasn\u00e9 dob\u011b se v\u00e1m nab\u00edz\u00ed n\u011bkolik mo\u017enost\u00ed:<\/span><br \/>\n<\/strong><\/span><\/p>\n<p>&#8211; Pro Va\u0161e maxim\u00e1ln\u00ed pohodl\u00ed a snadnou dostupnost jsou kalend\u00e1\u0159e prod\u00e1v\u00e1ny v r\u00e1mci rozs\u00e1hl\u00e9 s\u00edt\u011b \u010cD center .<\/p>\n<p>&#8211; Klasick\u00fdm zp\u016fsobem na pultech vybran\u00fdch prodejen s \u017eelezni\u010dn\u00ed model\u00e1\u0159skou technikou a ve vybran\u00fdch knihkupectv\u00edch.<\/p>\n<p>&#8211; Elektronicky na m\u00fdch webov\u00fdch str\u00e1nk\u00e1ch v sekci \u201eE-Shop\u201c. Zde si tak\u00e9 m\u016f\u017ee ka\u017ed\u00fd z\u00e1jemce prostudovat provozn\u00ed a n\u00e1kupn\u00ed \u0159\u00e1d. Je to opravdu snadn\u00e9.\u00a0V p\u0159\u00edpad\u011b nefunk\u010dnosti E-shopu mne pros\u00edm kontaktujte p\u0159es e-mailovou schr\u00e1nku ulrichz@seznam.cz.<\/p>\n<p>&#8211; Osobn\u00ed telefonickou objedn\u00e1vkou na \u010d\u00edslo 776311078.<\/p>\n<p><strong>Cht\u011bl bych v\u00e1s tak\u00e9 upozornit, \u017ee koup\u00ed m\u00fdch produkt\u016f p\u0159es E-Shop spole\u010dn\u011b podpo\u0159\u00edme z\u00e1chranu cenn\u00e9ho kulturn\u00edho \u017eelezni\u010dn\u00edho d\u011bdictv\u00ed v \u010cesk\u00e9 republice (viz sekce \u201eNOSTALGIE\u201c). Nebu\u010fme k na\u0161\u00ed historii lhostejn\u00ed a podpo\u0159me m\u016fj ojedin\u011bl\u00fd projekt \u201eZACHOV\u00c1ME \u017dELEZNI\u010cN\u00cd HISTORII \u017dIVOU\u201c. \u00a0Pot\u011b\u0161en\u00edm pro v\u00e1s i va\u0161e d\u011bti budou \u017eiv\u00e1 setk\u00e1v\u00e1n\u00ed s provozn\u00edmi historick\u00fdmi vozidly.<\/strong><\/p>\n","protected":false},"excerpt":{"rendered":"<p>Di\u00e1\u0159 t\u00fddenn\u00ed 2026 \u00a0V\u00ddBORN\u00c1 CENA A PRAKTICK\u00dd DESIGN SKLADEM Velikost 148&#215;105 mm Photo \u00a9 Jan \u0160tofa\u0148ak \u00a9 Franti\u0161ek Stojaspal \u00a9 &hellip; <a href=\"https:\/\/www.czechtrains.cz\/?page_id=911\" class=\"more-link\"><span class=\"more-button\">Continue Reading<span class=\"screen-reader-text\">Kapesn\u00ed di\u00e1\u0159e<\/span><\/span><\/a><\/p>\n","protected":false},"author":2,"featured_media":0,"parent":656,"menu_order":2,"comment_status":"closed","ping_status":"closed","template":"","meta":{"footnotes":""},"class_list":["post-911","page","type-page","status-publish","hentry"],"_links":{"self":[{"href":"https:\/\/www.czechtrains.cz\/index.php?rest_route=\/wp\/v2\/pages\/911","targetHints":{"allow":["GET"]}}],"collection":[{"href":"https:\/\/www.czechtrains.cz\/index.php?rest_route=\/wp\/v2\/pages"}],"about":[{"href":"https:\/\/www.czechtrains.cz\/index.php?rest_route=\/wp\/v2\/types\/page"}],"author":[{"embeddable":true,"href":"https:\/\/www.czechtrains.cz\/index.php?rest_route=\/wp\/v2\/users\/2"}],"replies":[{"embeddable":true,"href":"https:\/\/www.czechtrains.cz\/index.php?rest_route=%2Fwp%2Fv2%2Fcomments&post=911"}],"version-history":[{"count":32,"href":"https:\/\/www.czechtrains.cz\/index.php?rest_route=\/wp\/v2\/pages\/911\/revisions"}],"predecessor-version":[{"id":11847,"href":"https:\/\/www.czechtrains.cz\/index.php?rest_route=\/wp\/v2\/pages\/911\/revisions\/11847"}],"up":[{"embeddable":true,"href":"https:\/\/www.czechtrains.cz\/index.php?rest_route=\/wp\/v2\/pages\/656"}],"wp:attachment":[{"href":"https:\/\/www.czechtrains.cz\/index.php?rest_route=%2Fwp%2Fv2%2Fmedia&parent=911"}],"curies":[{"name":"wp","href":"https:\/\/api.w.org\/{rel}","templated":true}]}}